e -t = -3*i + 213. What is the greatest common factor of 13 and i?
13
Suppose -6 = 6*n - 3*n + 3*u, 4*u + 16 = 0. Suppose -n*a + 10 = -3*a. Let g be (0 - -1)/((-5)/a). Calculate the greatest common divisor of 18 and g.
2
Let z = 8 + -11. Let u(x) = -11*x - 6. Let r be u(z). What is the highest common divisor of r and 3?
3
Let a(p) = -p**3 - 9*p**2 - 5*p. Let t be a(-9). What is the greatest common factor of t and 18?
9
Let o(u) = 2*u**2 - 4*u - 3. Let v be o(-2). Suppose v = -i + 2*i. What is the highest common divisor of i and 52?
13
Suppose -5*l + 30 + 20 = -5*k, -l = -3*k - 16. Suppose -3*s - 9 = -27. Let t be (s - 3/(-3))/1. Calculate the highest common factor of l and t.
7
Suppose g - 3 = -2*h, -3*g - 2 = 3*h + 1. What is the highest common factor of 4 and h?
4
Suppose 0 = 2*o - o - 21. What is the highest common divisor of o and 42?
21
Suppose -3 = -g + 3*k, g - 2*k = -k + 9. What is the highest common divisor of g and 36?
12
Let f = 8 - 5. Let x be (58/5)/(2/20). Suppose 3*s - 4*v = 173, -2*s - f*v - x = -4*s. Calculate the highest common factor of s and 22.
11
Suppose h = 4 - 0. Suppose h*p + 43 = 183. Let n be (-45)/(-18)*28/5. What is the highest common divisor of n and p?
7
Let t be (-8)/(-2) + -2 + 52. Let a = 81 + -45. Calculate the greatest common divisor of t and a.
18
Let l(c) = -8*c - 12. Let a be l(-9). Suppose -3*i - 1 = -10. Suppose -f = 5*v - 119, 4*v - i*f - 71 - 28 = 0. What is the greatest common divisor of a and v?
12
Let k(q) = -q**2 + 9*q - 5. Let p be k(3). Calculate the highest common divisor of p and 117.
13
Suppose 4*x = o, 2*o + x + x - 50 = 0. Calculate the greatest common divisor of 80 and o.
20
Let g be 2*(191/6 - 9/27). What is the highest common divisor of 7 and g?
7
Let c be (-223)/(-4) - (-3)/12. Let q(o) = o + 12. Let i be q(-5). What is the greatest common divisor of i and c?
7
Let f = 43 - 42. What is the greatest common divisor of 16 and f?
1
Let w = 14 + -7. Let x be -1 + 1 + -2 + 1. Let i be 42*(x - 9/(-6)). What is the greatest common factor of i and w?
7
Let b = -22 + 38. Let u = b + 1. Calculate the greatest common factor of 153 and u.
17
Suppose 300 = 4*i - 3*v, 0 = 4*i + 5*v - 346 + 46. Let w = 1 + 14. Calculate the highest common factor of w and i.
15
Let b = 20 - 10. Suppose 3*l - 3 = 3. Let z(i) = 3*i**3 + 2*i**2 - 2*i + 2. Let f be z(l). Calculate the highest common factor of b and f.
10
Suppose a + 0*i - i = 112, 106 = a + i. Suppose -5*h + 26 = -a. What is the highest common divisor of h and 3?
3
Let c = 2 + 0. Suppose 4*x = -b + 13, -5*b + c*x + 3*x = -190. Suppose -3*s - 63 = -3*g, b = g + 2*g + 3*s. Calculate the greatest common factor of g and 2.
2
Suppose 0*l - 10 = l + 5*w, -3*l - 5*w = 20. Let f(v) = v**3 + 7*v**2 + 5. Let x be f(l). Calculate the highest common divisor of x and 5.
5
Let r be (76/95)/((-1)/(-45)). What is the greatest common factor of 18 and r?
18
Suppose -3*x + 465 = 4*i, x + 514 = 5*i - 72. Calculate the greatest common factor of 9 and i.
9
Suppose 0*q + 9 = 3*q. Suppose -4*n = b - n - 87, -q*n + 15 = 0. What is the highest common divisor of 9 and b?
9
Suppose c = 7 - 22. Let h = 39 + c. Let m be 6/15*150*1. What is the highest common factor of m and h?
12
Let r be (75/(-12) + 4)/(5/(-40)). What is the greatest common factor of r and 18?
18
Suppose x - 4*t - 10 = 124, -4*x + t = -551. What is the highest common divisor of x and 46?
46
Let y = 157 + -67. What is the greatest common factor of 10 and y?
10
Let g(u) = -u**3 + 9*u**2 + 10*u + 18. Let z be g(9). Suppose 3*v - 27 - 12 = -4*h, v = -3. Calculate the greatest common divisor of z and h.
12
Let g be 12/8 + (-1494)/(-12). Suppose v + 41 = 3*m, -72 = -m - 4*m - 2*v. Calculate the highest common factor of m and g.
14
Let s(n) = -n**3 + 8*n**2 - 6*n - 7. Let l be s(7). Suppose 4*o - t - 37 = l, -o - 2*t - 29 = -4*o. What is the highest common factor of o and 27?
9
Suppose a + 4*u = 98, 0*u + 15 = 5*u. Let t = a - 55. Let p = t - -32. Calculate the highest common divisor of p and 9.
9
Suppose 5*l = 0, -3*c = -c - 2*l - 286. Calculate the highest common factor of c and 13.
13
Let t(z) = 2*z**2 + 2*z - 4. Let l be t(-4). Suppose 4 = 2*u - l. Suppose b = -4 + u. Calculate the greatest common factor of 24 and b.
8
Let u(z) = -3*z - 27. Let b be u(-11). What is the highest common factor of b and 15?
3
Suppose -h = 5*o - 219, 5*o + 4*h = 121 + 95. What is the greatest common divisor of 11 and o?
11
Let n be (11/(-22))/(2/(-48)). Calculate the greatest common factor of n and 24.
12
Let b(t) be the second derivative of 2*t**4/3 - t**3/2 - t**2 - t. Let h be b(-2). Let s = 41 + 49. What is the highest common factor of s and h?
18
Suppose 4*k - 3*a - 5 = 8, 0 = 2*k + 2*a - 24. Suppose 4*u - k = -r, 5*r + 2*u - 20 = -3*u. Calculate the highest common factor of 6 and r.
3
Let s = -12 - -3. Let j = 15 + s. What is the highest common factor of j and 12?
6
Let p(g) = 10*g**2 + 5*g + 5. Let j be p(-3). Let b(c) = 14*c - 2. Let w be b(3). Calculate the greatest common divisor of w and j.
40
Suppose -7*r - 124 = -4*o - 3*r, 4*r = -o + 6. Suppose -o + 6 = -4*g. Suppose -g*f + 176 = 3*q - 55, 0 = f. Calculate the highest common factor of 7 and q.
7
Let m = 9 - 5. Suppose m*t - 100 = -t. Let c(l) = -6*l - 12. Let f be c(-7). What is the greatest common divisor of f and t?
10
Let c(n) = n + 25. Let h be c(-9). Calculate the greatest common factor of 2 and h.
2
Suppose 4*y - 16 = 0, 3*t - y - 17 = -3*y. Suppose 2 - 8 = -t*v. Suppose 5 = -4*l - 7, -5*i + 61 = -v*l. Calculate the greatest common divisor of i and 44.
11
Let j(i) = -26*i - 5. Let k be j(-5). Suppose 3*z = -5*w - 5 + 255, 0 = -2*z. What is the highest common divisor of k and w?
25
Let t(v) be the third derivative of 31*v**5/60 - v**4/24 - v**3/3 + 2*v**2. Let u be t(2). What is the highest common divisor of u and 15?
15
Suppose 0 = -m - 5*m + 102. Calculate the greatest common divisor of m and 17.
17
Let o(j) = j**3 - 10*j**2 + 12*j - 21. Let b be o(10). Let l = -19 + 30. What is the highest common divisor of l and b?
11
Suppose 3*a - 2*u - 20 = -0*u, -4*a = 4*u - 40. Suppose 3*k + 3*y - 13 = -1, 4 = -k - 3*y. What is the greatest common factor of a and k?
8
Suppose -4*h + 2*d + 283 = -3*d, 3 = 3*d. Suppose 3 + 73 = 4*k + 5*z, h = 4*k + 4*z. Calculate the highest common factor of 7 and k.
7
Let k(w) = -7*w - 5. Let f be k(-5). Suppose -2*q - f = 2*s, -s - 2*s - 25 = -q. Let g = s - -33. Calculate the highest common divisor of 253 and g.
23
Let g = -21 + 29. Let p be (2 - (-2)/(-3))*3. Let u(r) = r**2 - 3*r - 2. Let y be u(p). What is the greatest common factor of y and g?
2
Let u(v) = v**3 + 8*v**2 + v - 2. Let a be u(-8). Let g be (-5)/a + (-22)/4. Let h be (-1)/(-2 + g/(-3)). Calculate the greatest common divisor of h and 24.
3
Let a(r) = 10*r**3 - 4*r**2 - 2*r + 2. Let j be a(-2). Let n be (-20)/j - 374/(-18). Calculate the greatest common divisor of 3 and n.
3
Let p = 59 - 19. Let x = -4 + p. Let z be 2/9 - (-424)/x. Calculate the highest common factor of 60 and z.
12
Let k(p) = 6*p - 6. Let u be k(2). Suppose -2*f + 3*f - 42 = 0. What is the greatest common factor of f and u?
6
Suppose 7*s - 2*s - 2*f = 50, 0 = -3*s + f + 29. Let r be (6/3 - -31) + -3 + 2. What is the highest common divisor of s and r?
8
Suppose 2*o - 36 = -0*o. Let v be ((-360)/50)/(-1*6/135). What is the highest common factor of v and o?
18
Let t = 15 + 2. Let c(m) = 4*m**3 - 3*m + 2*m**2 + 2*m**2 + 15 - 14. Let v be c(3). Calculate the greatest common factor of v and t.
17
Let b(l) = -4*l. Let f(g) = g + 10. Let a be f(-12). Let i be b(a). Suppose 0 = -q + 6*q - 5. What is the greatest common factor of q and i?
1
Let n = 26 - 10. What is the greatest common factor of 144 and n?
16
Let v = -27 - -30. Calculate the highest common factor of v and 1.
1
Let u(i) = -5*i**3 + i**2 + i. Suppose 1 = -2*d + 3*h + 5, 4*h = -3*d - 11. Let k be u(d). Suppose -3 = -x - 2*x. What is the highest common divisor of x and k?
1
Let z = 0 + -3. Let b be (-34)/(-8) - z/(-12). Calculate the highest common divisor of b and 20.
4
Suppose 4*n = 6*n - 10. Calculate the greatest common divisor of n and 55.
5
Let j = 32 + 22. What is the greatest common divisor of 6 and j?
6
Let q be (-31)/(-11) - 8/(-44). Suppose 2*k - q*